17563639?
False
Does 119 divide 15829142?
True
Does 2046 divide 72303594?
True
Is 7688235 a multiple of 227?
False
Does 628 divide 22471887?
False
Does 13 divide 653674903?
False
Is 1287737808 a multiple of 353?
False
Is 27423624 a multiple of 1305?
False
Is 133981171 a multiple of 627?
False
Does 3 divide 11195685?
True
Is 1161 a factor of 212980534?
False
Is 22 a factor of 362098109?
False
Is 341167212 a multiple of 23?
False
Is 4196 a factor of 1798103488?
True
Is 6751000 a multiple of 430?
True
Is 819 a factor of 4154163612?
False
Is 20 a factor of 36334300?
True
Is 607639 a multiple of 2?
False
Does 203 divide 156909256?
True
Is 3553471 a multiple of 3?
False
Does 57 divide 2388883650?
False
Is 144 a factor of 73393511?
False
Is 14355840 a multiple of 128?
True
Is 1975 a factor of 541821500?
True
Is 9177095 a multiple of 42?
False
Is 13 a factor of 3317985184?
False
Does 18 divide 50782032?
True
Does 633 divide 56052783?
True
Is 997 a factor of 98160026?
False
Does 8 divide 63777000?
True
Is 39082701 a multiple of 8?
False
Is 794 a factor of 42182805?
False
Does 483 divide 379448664?
True
Is 64411542 a multiple of 26?
True
Is 681986725 a multiple of 7937?
True
Does 5 divide 1442735525?
True
Is 32648838 a multiple of 5305?
False
Does 1239 divide 1924625973?
False
Does 1423 divide 3018370836?
True
Is 2911 a factor of 4145184266?
False
Is 67083522 a multiple of 179?
False
Is 8069712 a multiple of 72?
False
Is 970986596 a multiple of 314?
True
Is 5 a factor of 6220575?
True
Is 10 a factor of 175884682?
False
Does 200 divide 4315808?
False
Is 51 a factor of 324621783?
True
Is 1049 a factor of 5689746?
False
Is 12 a factor of 1831595136?
True
Does 239 divide 37003653?
True
Is 673 a factor of 12959288?
True
Is 10 a factor of 49119110?
True
Is 703 a factor of 2569622?
False
Is 1581 a factor of 107229744?
True
Does 119 divide 3302054754?
False
Is 94056558 a multiple of 232?
False
Does 904 divide 444575448?
True
Is 12 a factor of 42297792?
True
Is 33308598 a multiple of 38?
False
Is 72732713 a multiple of 11?
False
Does 14 divide 634512013?
False
Is 13818436 a multiple of 92?
False
Does 568 divide 171111704?
True
Does 858 divide 3665027374?
False
Is 19 a factor of 3608985305?
True
Is 3 a factor of 85968?
True
Does 71 divide 40039796?
False
Is 510 a factor of 3118181?
False
Is 45050503 a multiple of 6?
False
Does 372 divide 464351604?
True
Is 6089 a factor of 2075478273?
True
Is 1449406 a multiple of 68?
False
Is 821 a factor of 25564298?
True
Is 1543444745 a multiple of 2113?
False
Does 1687 divide 201743048?
False
Does 133 divide 91696714?
False
Is 302768037 a multiple of 891?
True
Is 332101336 a multiple of 7?
True
Is 19115756 a multiple of 2321?
True
Is 1556407515 a multiple of 3705?
True
Is 28 a factor of 3914904?
True
Is 104 a factor of 200701445?
False
Is 400481796 a multiple of 1529?
True
Is 389412176 a multiple of 283?
False
Is 225689790 a multiple of 85?
True
Is 1398971380 a multiple of 124?
False
Is 7720582 a multiple of 4?
False
Is 379 a factor of 8788631?
True
Is 9045558 a multiple of 342?
True
Does 53 divide 536261367?
True
Is 857 a factor of 376478163?
False
Is 14 a factor of 248466386?
True
Is 13 a factor of 909328270?
False
Is 184 a factor of 848306205?
False
Is 3043680850 a multiple of 9670?
True
Is 531105674 a multiple of 295?
False
Is 2004061730 a multiple of 79?
True
Is 10207513 a multiple of 15?
False
Is 109728390 a multiple of 27?
False
Is 7421129 a multiple of 493?
True
Is 61355754 a multiple of 1034?
False
Is 1153 a factor of 1644815609?
True
Does 12 divide 106003721?
False
Does 83 divide 184282305?
False
Is 1548 a factor of 229506480?
True
Is 30534671 a multiple of 496?
False
Does 31 divide 8569950?
True
Does 17 divide 31526349?
False
Is 3 a factor of 526377?
True
Is 2245744788 a multiple of 12?
True
Is 1970 a factor of 2088123170?
True
Is 1191 a factor of 61996617?
False
Is 14256530 a multiple of 85?
False
Is 128174737 a multiple of 4485?
False
Does 18 divide 25104386?
False
Is 47710701 a multiple of 81?
True
Is 1129 a factor of 141663533?
True
Does 3893 divide 52170093?
True
Is 804 a factor of 516148077?
False
Is 134091263 a multiple of 26?
False
Is 31 a factor of 79679441?
False
Is 528482304 a multiple of 896?
True
Is 3190763 a multiple of 2?
False
Is 26831542 a multiple of 69?
False
Does 77 divide 142323797?
True
Is 135 a factor of 331345565?
False
Is 35 a factor of 143385235?
True
Does 385 divide 3398790?
False
Is 7 a factor of 562158065?
True
Is 21 a factor of 6066599958?
False
Is 1786056084 a multiple of 129?
True
Is 81 a factor of 147369780?
True
Does 117 divide 21385620?
False
Is 6056926 a multiple of 14?
False
Does 5 divide 14710732?
False
Is 23 a factor of 271546142?
True
Is 21417052 a multiple of 44?
False
Is 11 a factor of 2241200896?
True
Does 1655 divide 422960075?
True
Does 89 divide 3190056?
False
Is 53524135 a multiple of 1085?
True
Is 29653716 a multiple of 52?
False
Is 15 a factor of 181230175?
False
Does 292 divide 218917879?
False
Is 303 a factor of 20077315?
False
Is 41 a factor of 137588180?
False
Does 11 divide 323310795?
False
Does 13 divide 2023393670?
False
Is 112 a factor of 926463469?
False
Is 23195095 a multiple of 121?
True
Is 45994580 a multiple of 145?
True
Does 224 divide 86910880?
True
Is 22 a factor of 285530581?
False
Does 2238 divide 612195948?
True
Is 110 a factor of 43044170?
False
Does 119 divide 585136648?
False
Is 522581190 a multiple of 30?
True
Does 1753 divide 177840097?
True
Is 98679060 a multiple of 3399?
False
Is 2470 a factor of 22442792?
False
Is 12 a factor of 125047788?
True
Does 33 divide 8725992?
True
Does 42 divide 624409380?
True
Does 24 divide 64333424?
False
Does 467 divide 304842656?
True
Is 133637469 a multiple of 44?
False
Is 2375 a factor of 448322044?
False
Does 22 divide 37334651?
False
Is 291 a factor of 32873397?
True
Is 21676938 a multiple of 17?
True
Is 8354147 a multiple of 2?
False
Is 2740393513 a multiple of 16?
False
Is 49429216 a multiple of 32?
True
Is 20 a factor of 1258640?
True
Is 18 a factor of 5013941120?
False
Is 72396683 a multiple of 125?
False
Is 1643603 a multiple of 1088?
False
Is 1407 a factor of 48611262?
False
Is 661444000 a multiple of 3500?
True
Is 89 a factor of 258360325?
True
Is 13 a factor of 346179265?
False
Is 173572049 a multiple of 3952?
False
Does 48 divide 129868606?
False
Does 55 divide 5614093373?
False
Is 2031 a factor of 126080418?
True
Does 2335 divide 51001652?
False
Is 179746350 a multiple of 75?
True
Does 102 divide 51140148?
True
Does 584 divide 49984560?
True
Is 516287478 a multiple of 42?
True
Does 2465 divide 252327590?
False
Does 606 divide 78703644?
True
Does 633 divide 142348693?
False
Does 10 divide 35808970?
True
Does 8 divide 215844805?
False
Does 145 divide 1617390916?
False
Is 2048 a factor of 24256512?
True
Does 11 divide 8704014?
True
Does 32 divide 720295552?
True
Is 19638456 a multiple of 906?
True
Does 3 divide 32380733?
False
Is 24768200 a multiple of 1475?
True
Is 36 a factor of 170752248?
True
Is 16057288 a multiple of 89?
False
Is 259 a factor of 178244483?
False
Is 164573573 a multiple of 12?
False
Is 1506000 a multiple of 750?
True
Is 764 a factor of 2966277744?
False
Does 490 divide 161488813?
False
Is 147 a factor of 44771643?
True
Does 42 divide 1350098395?
False
Is 6453 a factor of 3062154996?
True
Is 385563920 a multiple of 6832?
True
Is 127422189 a multiple of 2485?
False
Is 325877513 even?
False
Does 8 divide 40741768?
True
Is 319 a factor of 273054111?
True
Does 66 divide 3095178457?
False
Is 29711364 a multiple of 151?
True
Is 8540766 a multiple of 1469?
True
Is 82602150 a multiple of 145?
True
Does 41 divide 199791893?
True
Does 49 divide 7172210?
False
Is 1010 a factor of 169169884?
False
Is 47 a factor of 27035470?
False
Is 47030906 a multiple of 1978?
True
Is 140 a factor of 221677120?
True
Is 264471 a multiple of 2?
False
Is 997 a factor of 1261626731?
True
Is 1125788220 a multiple of 324?
True
Is 85 a factor of 179929020?
True
Does 12 divide 1257239387?
False
Does 1635 divide 17453625?
True
Is 2752036 a multiple of 38?
True
Is 105 a factor of 22851806?
False
Does 1287 divide 335650887?
True
Is 1213324992 a multiple of 11?
True
Is 50 a factor of 58143328?
False
Is 365406622 